st common factor of 50 and 75?
25
What is the greatest common factor of 18508 and 28?
28
What is the highest common factor of 16860 and 60?
60
Calculate the greatest common divisor of 10 and 1310.
10
What is the greatest common divisor of 1190 and 1700?
170
Calculate the highest common divisor of 7 and 329.
7
What is the highest common divisor of 136 and 3553?
17
Calculate the highest common divisor of 50 and 18.
2
Calculate the greatest common factor of 17357 and 51.
17
Calculate the highest common divisor of 1278 and 90.
18
What is the highest common divisor of 14 and 4970?
14
What is the highest common divisor of 252 and 140?
28
What is the greatest common divisor of 15 and 240?
15
What is the greatest common factor of 248 and 93?
31
Calculate the highest common factor of 44072 and 56.
56
Calculate the greatest common divisor of 16864 and 31.
31
Calculate the greatest common factor of 36 and 738.
18
What is the greatest common factor of 119 and 476?
119
Calculate the greatest common divisor of 110 and 22.
22
What is the greatest common factor of 3859 and 681?
227
What is the highest common divisor of 2088 and 192?
24
Calculate the highest common divisor of 5 and 435.
5
Calculate the greatest common divisor of 59 and 472.
59
What is the greatest common factor of 711 and 1343?
79
Calculate the greatest common divisor of 54 and 828.
18
What is the greatest common divisor of 414 and 7590?
138
Calculate the greatest common factor of 612 and 51.
51
Calculate the highest common divisor of 14536 and 552.
184
Calculate the greatest common factor of 2112 and 22.
22
What is the greatest common divisor of 52 and 286?
26
Calculate the greatest common divisor of 3317 and 31.
31
What is the highest common factor of 11 and 341?
11
Calculate the highest common divisor of 12 and 66.
6
Calculate the greatest common factor of 4 and 2.
2
What is the highest common divisor of 7 and 24899?
7
What is the highest common divisor of 3033 and 27?
9
What is the greatest common divisor of 12 and 8?
4
Calculate the highest common factor of 1819 and 107.
107
Calculate the highest common divisor of 30 and 40.
10
What is the highest common factor of 6 and 128?
2
Calculate the greatest common divisor of 219 and 147.
3
Calculate the greatest common factor of 450 and 100.
50
What is the greatest common factor of 170 and 315?
5
What is the highest common divisor of 46 and 150282?
46
Calculate the highest common factor of 49 and 35.
7
What is the greatest common factor of 141 and 470?
47
Calculate the greatest common divisor of 14 and 10.
2
What is the highest common factor of 400 and 40?
40
What is the greatest common divisor of 4 and 6548?
4
Calculate the highest common factor of 15 and 1161.
3
What is the greatest common factor of 8732 and 37?
37
Calculate the highest common factor of 32 and 51008.
32
Calculate the highest common divisor of 20 and 460.
20
What is the greatest common divisor of 30 and 6?
6
What is the highest common divisor of 1780 and 534?
178
Calculate the highest common factor of 3940 and 80.
20
What is the greatest common factor of 177 and 15?
3
What is the greatest common factor of 2688 and 784?
112
Calculate the greatest common divisor of 828 and 15939.
207
What is the highest common factor of 79 and 5056?
79
What is the greatest common divisor of 1400 and 56?
56
What is the greatest common factor of 30 and 2700?
30
Calculate the highest common divisor of 273 and 624.
39
What is the highest common factor of 24 and 324?
12
Calculate the greatest common divisor of 286 and 22.
22
What is the greatest common divisor of 17 and 13600?
17
What is the highest common factor of 160 and 120?
40
What is the greatest common factor of 113 and 3051?
113
What is the greatest common divisor of 558 and 4278?
186
Calculate the highest common factor of 38 and 38.
38
What is the highest common divisor of 220 and 5170?
110
Calculate the greatest common factor of 39 and 32097.
39
What is the highest common factor of 205 and 35?
5
Calculate the greatest common divisor of 765 and 55.
5
Calculate the greatest common factor of 40 and 3140.
20
Calculate the greatest common divisor of 138 and 7107.
69
What is the greatest common factor of 1488 and 155?
31
What is the highest common divisor of 360 and 8760?
120
What is the greatest common divisor of 6 and 246?
6
Calculate the greatest common divisor of 10 and 30.
10
Calculate the highest common factor of 3 and 3.
3
Calculate the highest common factor of 3278 and 33.
11
What is the highest common divisor of 16936 and 232?
232
Calculate the highest common divisor of 825 and 2175.
75
Calculate the greatest common factor of 156 and 22.
2
Calculate the highest common factor of 10 and 1810.
10
What is the highest common divisor of 41835 and 15?
15
Calculate the highest common divisor of 38 and 247.
19
Calculate the greatest common divisor of 660 and 99.
33
Calculate the greatest common factor of 10 and 170.
10
Calculate the greatest common factor of 57 and 15.
3
What is the greatest common divisor of 1391 and 13?
13
What is the highest common divisor of 70 and 378?
14
What is the highest common divisor of 638 and 154?
22
What is the greatest common divisor of 799 and 136?
17
Calculate the greatest common divisor of 756 and 1188.
108
Calculate the greatest common divisor of 24 and 234.
6
Calculate the highest common divisor of 279 and 62.
31
Calculate the highest common divisor of 57 and 3363.
57
What is the highest common factor of 11 and 56507?
11
What is the greatest common divisor of 1288 and 276?
92
Calculate the highest common divisor of 51 and 26418.
51
What is the highest common factor of 14 and 34?
2
What is the highest common divisor of 84 and 98?
14
Calculate the highest common factor of 400 and 160.
80
Calculate the highest common divisor of 182 and 637.
91
Calculate the highest common divisor of 8 and 29.
1
Calculate the highest common factor of 475 and 100.
25
Calculate the highest common factor of 252 and 32.
4
What is the highest common divisor of 444 and 45510?
222
What is the greatest common factor of 30 and 110?
10
What is the greatest common factor of 72 and 2484?
36
What is the highest common factor of 46 and 3795?
23
Calculate the greatest common divisor of 18 and 42.
6
Calculate the highest common factor of 7693 and 157.
157
Calculate the greatest common factor of 796 and 44.
4
What is the highest common factor of 90 and 75?
15
What is the greatest common divisor of 59 and 14101?
59
Calculate the greatest common factor of 58 and 10.
2
Calculate the greatest common factor of 89 and 17.
1
What is the greatest common divisor of 7 and 14?
7
Calculate the greatest common factor of 72 and 48.
24
Calculate the highest common factor of 68 and 884.
68
What is the highest common factor of 242 and 75988?
242
What is the greatest common factor of 408 and 7208?
136
Calculate the greatest common divisor of 403 and 104.
13
What is the highest common divisor of 8624 and 352?
176
Calculate the highest common divisor of 208 and 1472.
16
What is the highest common divisor of 45102 and 6?
6
What is the highest common factor of 27 and 432?
27
Calculate the greatest common factor of 7 and 56.
7
Calculate the highest common factor of 63 and 1911.
21
What is the greatest common factor of 1598 and 1360?
34
What is the greatest common divisor of 14 and 917?
7
Calculate the highest common factor of 670 and 737.
67
What is the greatest common divisor of 13 and 351?
13
What is the highest common factor of 6 and 42?
6
What is the greatest common factor of 452 and 2599?
113
What is the greatest common factor of 4367 and 11?
11
Calculate the highest common factor of 160 and 5720.
40
Calculate the greatest common divisor of 72 and 8.
8
Calculate the highest common divisor of 29841 and 87.
87
Calculate the greatest common factor of 14 and 1778.
14
Calculate the greatest common divisor of 1264 and 160.
16
Calculate the greatest common factor of 9 and 14481.
9
What is the highest common divisor of 22 and 1408?
22
What is the greatest common divisor of 1568 and 10752?
224
What is the highest common divisor of 58 and 15573?
29
What is the highest common divisor of 2001 and 138?
69
What is the highest common divisor of 17770 and 10?
10
What is the gre